{"id":1989,"date":"2019-12-20T11:34:15","date_gmt":"2019-12-20T10:34:15","guid":{"rendered":"https:\/\/www.esthetique.paris\/?page_id=1989"},"modified":"2024-10-18T13:57:57","modified_gmt":"2024-10-18T11:57:57","slug":"my-qualifications","status":"publish","type":"page","link":"https:\/\/www.esthetique.paris\/en\/dr-arnaud-petit\/my-qualifications\/","title":{"rendered":"My qualifications"},"content":{"rendered":"<section class=\"wpb-content-wrapper\"><p>[vc_row content_placement=&#8221;middle&#8221; el_class=&#8221;padding_bottom_60&#8243;][vc_column width=&#8221;1\/2&#8243;][vc_column_text el_class=&#8221;chapo__text_lg&#8221;]<\/p>\n<h1>My qualifications<\/h1>\n<p>In order to offer the latest techniques to my patients, I trained within prestigious services and regularly participate in national and international congress in order to shape my expertise with other colleagues.[\/vc_column_text][\/vc_column][vc_column width=&#8221;1\/2&#8243; el_class=&#8221;box__bg_image&#8221;][vc_single_image image=&#8221;131&#8243; img_size=&#8221;full&#8221; alignment=&#8221;right&#8221;][\/vc_column][\/vc_row][vc_row content_placement=&#8221;top&#8221;][vc_column width=&#8221;3\/12&#8243; el_class=&#8221;sidebar__ancre&#8221;][vc_column_text]<\/p>\n<ul>\n<li><a href=\"#academic-qualifications\"><strong>Academic qualifications <\/strong><\/a><\/li>\n<li><a href=\"#degrees\"><strong>Degrees<\/strong><\/a><\/li>\n<li><a href=\"#continuing-education\"><strong>Continuing education<\/strong><\/a><\/li>\n<li><a href=\"#oral-communications-in-congress\"><strong>Oral communications in congress<\/strong><\/a><\/li>\n<li><a href=\"#scientific-works\"><strong>Scientific works <\/strong><\/a><\/li>\n<\/ul>\n<p>[\/vc_column_text][\/vc_column][vc_column width=&#8221;9\/12&#8243; el_class=&#8221;sidebar__content&#8221;][vc_column_text el_class=&#8221;box__item_ancre&#8221; el_id=&#8221;academic-qualifications&#8221;]<\/p>\n<h2>Academic qualifications<\/h2>\n<ul>\n<li>Qualified Specialist Surgeon in Aesthetic and Reconstructive Plastic Surgery.<\/li>\n<li>Former Attached Practioner Surgeon, Department of Plastic Surgery, Saint-Louis Hospital, Paris.<\/li>\n<li>Former Chief of Clinic of the Faculty of Medicine, Paris VII.<\/li>\n<li>Former Chief of Clinic &#8211; Assistant to Hospitals of Paris, Department of Plastic Surgery, Saint-Louis Hospital.<\/li>\n<li>Lecturer at the Faculty of Medicine, Paris VII.<\/li>\n<li>Former Hospital Intern in Surgery.<\/li>\n<\/ul>\n<p>[\/vc_column_text][vc_column_text el_class=&#8221;box__item_ancre&#8221; el_id=&#8221;degrees&#8221;]<\/p>\n<h2>Degrees<\/h2>\n<ul>\n<li>European Degree in Plastic Reconstructive and Aesthetic Surgery (Fellow of European Board of Reconstructive and Aesthetic Plastic Surgery).<\/li>\n<li>Degree in Complementary Specialized Studies (DESC) in Reconstructive and Aesthetic Plastic Surgery.<\/li>\n<li>Degree from the French College of Reconstructive and Aesthetic Plastic Surgery.<\/li>\n<li>Specialized Studies Degree (DES) in General Surgery.<\/li>\n<li>State-Certified Doctor of Medicine at the Faculty of Medicine in Nancy (Summa Cum Laude Distinction).<\/li>\n<li>Inter-University Degree (DIU) in Anatomy Applied to Plastic Surgery, Faculty of Medicine, Paris V.<\/li>\n<li>Inter-University Degree (DIU) in Anatomy applied to Cervico-Facial Surgery, Faculty de Medicine, Paris V.<\/li>\n<li>Inter-University Degree (DIU) in Microsurgery, Faculty of Medicine, Nancy.<\/li>\n<li>Master\u2019s Degree in Medical and Biological Sciences (MSBM), in Ethics, Deontology and Medical Liability, Faculty of Medicine, Paris V (Summa Cum Laude).<\/li>\n<\/ul>\n<p>[\/vc_column_text][vc_column_text el_class=&#8221;box__item_ancre&#8221; el_id=&#8221;continuing-education&#8221;]<\/p>\n<h2>Continuing education<\/h2>\n<p>I have been participating in various national and international conferences for several years.<br \/>\nThis requirement for continuing education enables me to develop my practices and to suggest the cutting-edge techniques to my patients with a maximum of safety.<\/p>\n<p><strong>Year 2019 :<\/strong><\/p>\n<ul>\n<li>3rd Buttock Surgery Course (Paris)<\/li>\n<\/ul>\n<p><strong>Year 2018 :<\/strong><\/p>\n<ul>\n<li>3rd SOFCEP Congress (Lyon)<\/li>\n<li>24th Congress of ISAPS (Miami)<\/li>\n<\/ul>\n<p><strong>Year 2017 :<\/strong><\/p>\n<ul>\n<li>Advanced Course relating to the Facial Rejuvenation (Dr. Le Louarn, Paris)<\/li>\n<li>Butthock plastic surgery course (Dr Abs, Dr Aboud, Dr Pascal, Paris)<\/li>\n<li>30th SOFCEP Congress (Marseille)<\/li>\n<li>Body Lift Course (Dr Pascal, Gen\u00e8ve)<\/li>\n<li>The Cutting Edge : 37th Annual Aesthetic Surgery Symposium (New York)<\/li>\n<\/ul>\n<p><strong>Year 2016 :<\/strong><\/p>\n<ul>\n<li>6th Course relating to the Silhouette Surgery and Body Lifts (Dr. Pascal, Lyon)<\/li>\n<li>29th SOFCEP Congress (Bordeaux)<\/li>\n<\/ul>\n<p><strong>Year 2015 :<\/strong><\/p>\n<ul>\n<li>The Cutting Edge : 35th Annual Aesthetic Surgery Symposium (New York)<\/li>\n<li>2th Course relating to the Silhouette Surgery (Dr. Pascal, Lyon)<\/li>\n<li>60th SOFCPRE National Congress (Montrouge)<\/li>\n<\/ul>\n<p><strong>Year 2014 :<\/strong><\/p>\n<ul>\n<li>23rd European Course on Plastic Surgery (Helsinki)<\/li>\n<li>BRAVA Day (Dr. Khouri, Paris)<\/li>\n<\/ul>\n<p><strong>Year 2013 :<\/strong><\/p>\n<ul>\n<li>58th SOFCPRE National Congress (Paris)<\/li>\n<li>Bodylift Workshop (Paris)<\/li>\n<\/ul>\n<p><strong>Year 2012 :<\/strong><\/p>\n<ul>\n<li>QMP Aesthetic Surgery Symposium (Chicago)<\/li>\n<li>QMP Body Contouring after Massive Weight Loss (Anaheim, California)<\/li>\n<li>Young Plastic Surgeons Day (Paris)<\/li>\n<\/ul>\n<p><strong>Year 2011 :<\/strong><\/p>\n<ul>\n<li>47th SFSCMF Congress (Versailles)<\/li>\n<li>QMP Aesthetic Surgery Symposium (Chicago)<\/li>\n<li>56th SOFCPRE National Congress (Paris)<\/li>\n<li>Young Plastic Surgeons Day (Paris)<\/li>\n<li>CEPLASEST (Saint Avold)<\/li>\n<\/ul>\n<p><strong>Year 2010 :<\/strong><\/p>\n<ul>\n<li>Anti-Aging Medicine World Congress, AMWC 8th Edition (Monte-Carlo)<\/li>\n<li>55th SOFCPRE National Congress (Paris)<\/li>\n<\/ul>\n<p>[\/vc_column_text][vc_column_text el_class=&#8221;box__item_ancre&#8221; el_id=&#8221;oral-communications-in-congress&#8221;]<\/p>\n<h2>Oral communications in congress<\/h2>\n<ul>\n<li>Cone Beam Interest in orbital traumatology. Petit A, Simon E, Pujo J. 47th SFSCMF Congress. Versailles 2011.<\/li>\n<li>Breast reconstruction on breast burn sequelae by thoracodorsal artery perforator flap: with regard to a case. Petit A, Gisquet H, Colson T, Chassagne JF, Simon E. Young Plastic Surgeons Congress. Paris 2012.<\/li>\n<li>Persistent trochanterian recess complicating the body lift technique with lateral suspensions: a simple and original method of treatment. Gianfermi M, Qassemyar Q, Dast S, Sinna R, Petit A. Young Plastic Surgeons Congress. Paris 2013.<\/li>\n<li>The upper body lift. Petit A, Pascal JF. 58th SOFCPRE National Congress. Paris 2013.<\/li>\n<li>The lateral body lift. Pascal JF, Le Louarn C, Petit A. 60th SOFCPRE National Congress. Montrouge 2015.<\/li>\n<\/ul>\n<p>[\/vc_column_text][vc_column_text el_class=&#8221;box__item_ancre&#8221; el_id=&#8221;scientific-works&#8221;]<\/p>\n<h2>Scientific works<\/h2>\n<ul>\n<li>Enjeu \u00e9thique d\u2019une information aux patients dialys\u00e9s sur la gestion de la liste d\u2019attente. M\u00e9moire de Ma\u00eetrise d&#8217;Ethique, D\u00e9ontologie et Responsabilit\u00e9 M\u00e9dicale (2004).<\/li>\n<li>Ethical issue relating to information about the waiting list management to dialysis patients. Master\u2019s Degree thesis in Ethics, Deontology and Medical Liability (2004).<\/li>\n<li>The vascularized iliac-crest flap. Inter-university Degree thesis in Microsurgery (2009).<\/li>\n<li>The upper body lift. Doctoral Thesis (2013).<\/li>\n<li>Reconstruction of transfixing loss of substance from the wing of the nose by composite graft of the controlateral nostril: with regard to three cases. A.Petit, D.Boccara, M. Chaouat, M.Mimoun. Annals of Aesthetic Plastic Surgery (2014).<\/li>\n<li>Upper Body Lift. JF. Pascal, A. Petit, C. Le Louarn. Realities in Plastic Surgery (2014).<\/li>\n<li>European Board: my experience. A. Petit. Realities in Plastic Surgery (2015).<\/li>\n<\/ul>\n<p>[\/vc_column_text][\/vc_column][\/vc_row]<\/p>\n<\/section>","protected":false},"excerpt":{"rendered":"<p>[vc_row content_placement=&#8221;middle&#8221; el_class=&#8221;padding_bottom_60&#8243;][vc_column width=&#8221;1\/2&#8243;][vc_column_text el_class=&#8221;chapo__text_lg&#8221;] My qualifications In order to offer the latest techniques to my patients, I trained within prestigious services and regularly participate in national and international congress in order to shape my expertise with other colleagues.[\/vc_column_text][\/vc_column][vc_column width=&#8221;1\/2&#8243; el_class=&#8221;box__bg_image&#8221;][vc_single_image image=&#8221;131&#8243; img_size=&#8221;full&#8221; alignment=&#8221;right&#8221;][\/vc_column][\/vc_row][vc_row content_placement=&#8221;top&#8221;][vc_column width=&#8221;3\/12&#8243; el_class=&#8221;sidebar__ancre&#8221;][vc_column_text] Academic qualifications Degrees Continuing education Oral communications in [&hellip;]<\/p>\n","protected":false},"author":4,"featured_media":0,"parent":1984,"menu_order":0,"comment_status":"open","ping_status":"closed","template":"","meta":{"footnotes":""},"class_list":["post-1989","page","type-page","status-publish","hentry"],"acf":[],"yoast_head":"<!-- This site is optimized with the Yoast SEO plugin v26.8 - https:\/\/yoast.com\/product\/yoast-seo-wordpress\/ -->\n<title>My qualifications in Plastic and Aesthetic surgery \u2013 Dr Petit Paris<\/title>\n<meta name=\"description\" content=\"To learn more about Dr Arnaud Petit qualifications in aesthetic and plastic surgery in Paris 17, near to Paris 8, Paris 9 and Paris 18 go to the section My qualifications, Information about his training are available\" \/>\n<meta name=\"robots\" content=\"index, follow, max-snippet:-1, max-image-preview:large, max-video-preview:-1\" \/>\n<link rel=\"canonical\" href=\"https:\/\/www.esthetique.paris\/en\/dr-arnaud-petit\/my-qualifications\/\" \/>\n<meta property=\"og:locale\" content=\"en_US\" \/>\n<meta property=\"og:type\" content=\"article\" \/>\n<meta property=\"og:title\" content=\"My qualifications in Plastic and Aesthetic surgery \u2013 Dr Petit Paris\" \/>\n<meta property=\"og:description\" content=\"To learn more about Dr Arnaud Petit qualifications in aesthetic and plastic surgery in Paris 17, near to Paris 8, Paris 9 and Paris 18 go to the section My qualifications, Information about his training are available\" \/>\n<meta property=\"og:url\" content=\"https:\/\/www.esthetique.paris\/en\/dr-arnaud-petit\/my-qualifications\/\" \/>\n<meta property=\"og:site_name\" content=\"Dr Arnaud Petit\" \/>\n<meta property=\"article:modified_time\" content=\"2024-10-18T11:57:57+00:00\" \/>\n<meta name=\"twitter:card\" content=\"summary_large_image\" \/>\n<meta name=\"twitter:label1\" content=\"Est. reading time\" \/>\n\t<meta name=\"twitter:data1\" content=\"4 minutes\" \/>\n<!-- \/ Yoast SEO plugin. -->","yoast_head_json":{"title":"My qualifications in Plastic and Aesthetic surgery \u2013 Dr Petit Paris","description":"To learn more about Dr Arnaud Petit qualifications in aesthetic and plastic surgery in Paris 17, near to Paris 8, Paris 9 and Paris 18 go to the section My qualifications, Information about his training are available","robots":{"index":"index","follow":"follow","max-snippet":"max-snippet:-1","max-image-preview":"max-image-preview:large","max-video-preview":"max-video-preview:-1"},"canonical":"https:\/\/www.esthetique.paris\/en\/dr-arnaud-petit\/my-qualifications\/","og_locale":"en_US","og_type":"article","og_title":"My qualifications in Plastic and Aesthetic surgery \u2013 Dr Petit Paris","og_description":"To learn more about Dr Arnaud Petit qualifications in aesthetic and plastic surgery in Paris 17, near to Paris 8, Paris 9 and Paris 18 go to the section My qualifications, Information about his training are available","og_url":"https:\/\/www.esthetique.paris\/en\/dr-arnaud-petit\/my-qualifications\/","og_site_name":"Dr Arnaud Petit","article_modified_time":"2024-10-18T11:57:57+00:00","twitter_card":"summary_large_image","twitter_misc":{"Est. reading time":"4 minutes"},"schema":{"@context":"https:\/\/schema.org","@graph":[{"@type":"WebPage","@id":"https:\/\/www.esthetique.paris\/en\/dr-arnaud-petit\/my-qualifications\/","url":"https:\/\/www.esthetique.paris\/en\/dr-arnaud-petit\/my-qualifications\/","name":"My qualifications in Plastic and Aesthetic surgery \u2013 Dr Petit Paris","isPartOf":{"@id":"https:\/\/www.esthetique.paris\/en\/#website"},"datePublished":"2019-12-20T10:34:15+00:00","dateModified":"2024-10-18T11:57:57+00:00","description":"To learn more about Dr Arnaud Petit qualifications in aesthetic and plastic surgery in Paris 17, near to Paris 8, Paris 9 and Paris 18 go to the section My qualifications, Information about his training are available","breadcrumb":{"@id":"https:\/\/www.esthetique.paris\/en\/dr-arnaud-petit\/my-qualifications\/#breadcrumb"},"inLanguage":"en-US","potentialAction":[{"@type":"ReadAction","target":["https:\/\/www.esthetique.paris\/en\/dr-arnaud-petit\/my-qualifications\/"]}]},{"@type":"BreadcrumbList","@id":"https:\/\/www.esthetique.paris\/en\/dr-arnaud-petit\/my-qualifications\/#breadcrumb","itemListElement":[{"@type":"ListItem","position":1,"name":"Home","item":"https:\/\/www.esthetique.paris\/en\/"},{"@type":"ListItem","position":2,"name":"Dr Arnaud Petit","item":"https:\/\/www.esthetique.paris\/en\/dr-arnaud-petit\/"},{"@type":"ListItem","position":3,"name":"My qualifications"}]},{"@type":"WebSite","@id":"https:\/\/www.esthetique.paris\/en\/#website","url":"https:\/\/www.esthetique.paris\/en\/","name":"Dr Arnaud Petit","description":"Chirurgie plastique reconstructrice et esth\u00e9tique","potentialAction":[{"@type":"SearchAction","target":{"@type":"EntryPoint","urlTemplate":"https:\/\/www.esthetique.paris\/en\/?s={search_term_string}"},"query-input":{"@type":"PropertyValueSpecification","valueRequired":true,"valueName":"search_term_string"}}],"inLanguage":"en-US"}]}},"_links":{"self":[{"href":"https:\/\/www.esthetique.paris\/en\/wp-json\/wp\/v2\/pages\/1989","targetHints":{"allow":["GET"]}}],"collection":[{"href":"https:\/\/www.esthetique.paris\/en\/wp-json\/wp\/v2\/pages"}],"about":[{"href":"https:\/\/www.esthetique.paris\/en\/wp-json\/wp\/v2\/types\/page"}],"author":[{"embeddable":true,"href":"https:\/\/www.esthetique.paris\/en\/wp-json\/wp\/v2\/users\/4"}],"replies":[{"embeddable":true,"href":"https:\/\/www.esthetique.paris\/en\/wp-json\/wp\/v2\/comments?post=1989"}],"version-history":[{"count":0,"href":"https:\/\/www.esthetique.paris\/en\/wp-json\/wp\/v2\/pages\/1989\/revisions"}],"up":[{"embeddable":true,"href":"https:\/\/www.esthetique.paris\/en\/wp-json\/wp\/v2\/pages\/1984"}],"wp:attachment":[{"href":"https:\/\/www.esthetique.paris\/en\/wp-json\/wp\/v2\/media?parent=1989"}],"curies":[{"name":"wp","href":"https:\/\/api.w.org\/{rel}","templated":true}]}}

<section class="wpb-content-wrapper"><p>[vc_row content_placement=&#8221;middle&#8221; el_class=&#8221;padding_bottom_60&#8243;][vc_column width=&#8221;1/2&#8243;][vc_column_text el_class=&#8221;chapo__text_lg&#8221;]</p>
<h1>My qualifications</h1>
<p>In order to offer the latest techniques to my patients, I trained within prestigious services and regularly participate in national and international congress in order to shape my expertise with other colleagues.[/vc_column_text][/vc_column][vc_column width=&#8221;1/2&#8243; el_class=&#8221;box__bg_image&#8221;][vc_single_image image=&#8221;131&#8243; img_size=&#8221;full&#8221; alignment=&#8221;right&#8221;][/vc_column][/vc_row][vc_row content_placement=&#8221;top&#8221;][vc_column width=&#8221;3/12&#8243; el_class=&#8221;sidebar__ancre&#8221;][vc_column_text]</p>
<ul>
<li><a href="#academic-qualifications"><strong>Academic qualifications </strong></a></li>
<li><a href="#degrees"><strong>Degrees</strong></a></li>
<li><a href="#continuing-education"><strong>Continuing education</strong></a></li>
<li><a href="#oral-communications-in-congress"><strong>Oral communications in congress</strong></a></li>
<li><a href="#scientific-works"><strong>Scientific works </strong></a></li>
</ul>
<p>[/vc_column_text][/vc_column][vc_column width=&#8221;9/12&#8243; el_class=&#8221;sidebar__content&#8221;][vc_column_text el_class=&#8221;box__item_ancre&#8221; el_id=&#8221;academic-qualifications&#8221;]</p>
<h2>Academic qualifications</h2>
<ul>
<li>Qualified Specialist Surgeon in Aesthetic and Reconstructive Plastic Surgery.</li>
<li>Former Attached Practioner Surgeon, Department of Plastic Surgery, Saint-Louis Hospital, Paris.</li>
<li>Former Chief of Clinic of the Faculty of Medicine, Paris VII.</li>
<li>Former Chief of Clinic &#8211; Assistant to Hospitals of Paris, Department of Plastic Surgery, Saint-Louis Hospital.</li>
<li>Lecturer at the Faculty of Medicine, Paris VII.</li>
<li>Former Hospital Intern in Surgery.</li>
</ul>
<p>[/vc_column_text][vc_column_text el_class=&#8221;box__item_ancre&#8221; el_id=&#8221;degrees&#8221;]</p>
<h2>Degrees</h2>
<ul>
<li>European Degree in Plastic Reconstructive and Aesthetic Surgery (Fellow of European Board of Reconstructive and Aesthetic Plastic Surgery).</li>
<li>Degree in Complementary Specialized Studies (DESC) in Reconstructive and Aesthetic Plastic Surgery.</li>
<li>Degree from the French College of Reconstructive and Aesthetic Plastic Surgery.</li>
<li>Specialized Studies Degree (DES) in General Surgery.</li>
<li>State-Certified Doctor of Medicine at the Faculty of Medicine in Nancy (Summa Cum Laude Distinction).</li>
<li>Inter-University Degree (DIU) in Anatomy Applied to Plastic Surgery, Faculty of Medicine, Paris V.</li>
<li>Inter-University Degree (DIU) in Anatomy applied to Cervico-Facial Surgery, Faculty de Medicine, Paris V.</li>
<li>Inter-University Degree (DIU) in Microsurgery, Faculty of Medicine, Nancy.</li>
<li>Master’s Degree in Medical and Biological Sciences (MSBM), in Ethics, Deontology and Medical Liability, Faculty of Medicine, Paris V (Summa Cum Laude).</li>
</ul>
<p>[/vc_column_text][vc_column_text el_class=&#8221;box__item_ancre&#8221; el_id=&#8221;continuing-education&#8221;]</p>
<h2>Continuing education</h2>
<p>I have been participating in various national and international conferences for several years.<br />
This requirement for continuing education enables me to develop my practices and to suggest the cutting-edge techniques to my patients with a maximum of safety.</p>
<p><strong>Year 2019 :</strong></p>
<ul>
<li>3rd Buttock Surgery Course (Paris)</li>
</ul>
<p><strong>Year 2018 :</strong></p>
<ul>
<li>3rd SOFCEP Congress (Lyon)</li>
<li>24th Congress of ISAPS (Miami)</li>
</ul>
<p><strong>Year 2017 :</strong></p>
<ul>
<li>Advanced Course relating to the Facial Rejuvenation (Dr. Le Louarn, Paris)</li>
<li>Butthock plastic surgery course (Dr Abs, Dr Aboud, Dr Pascal, Paris)</li>
<li>30th SOFCEP Congress (Marseille)</li>
<li>Body Lift Course (Dr Pascal, Genève)</li>
<li>The Cutting Edge : 37th Annual Aesthetic Surgery Symposium (New York)</li>
</ul>
<p><strong>Year 2016 :</strong></p>
<ul>
<li>6th Course relating to the Silhouette Surgery and Body Lifts (Dr. Pascal, Lyon)</li>
<li>29th SOFCEP Congress (Bordeaux)</li>
</ul>
<p><strong>Year 2015 :</strong></p>
<ul>
<li>The Cutting Edge : 35th Annual Aesthetic Surgery Symposium (New York)</li>
<li>2th Course relating to the Silhouette Surgery (Dr. Pascal, Lyon)</li>
<li>60th SOFCPRE National Congress (Montrouge)</li>
</ul>
<p><strong>Year 2014 :</strong></p>
<ul>
<li>23rd European Course on Plastic Surgery (Helsinki)</li>
<li>BRAVA Day (Dr. Khouri, Paris)</li>
</ul>
<p><strong>Year 2013 :</strong></p>
<ul>
<li>58th SOFCPRE National Congress (Paris)</li>
<li>Bodylift Workshop (Paris)</li>
</ul>
<p><strong>Year 2012 :</strong></p>
<ul>
<li>QMP Aesthetic Surgery Symposium (Chicago)</li>
<li>QMP Body Contouring after Massive Weight Loss (Anaheim, California)</li>
<li>Young Plastic Surgeons Day (Paris)</li>
</ul>
<p><strong>Year 2011 :</strong></p>
<ul>
<li>47th SFSCMF Congress (Versailles)</li>
<li>QMP Aesthetic Surgery Symposium (Chicago)</li>
<li>56th SOFCPRE National Congress (Paris)</li>
<li>Young Plastic Surgeons Day (Paris)</li>
<li>CEPLASEST (Saint Avold)</li>
</ul>
<p><strong>Year 2010 :</strong></p>
<ul>
<li>Anti-Aging Medicine World Congress, AMWC 8th Edition (Monte-Carlo)</li>
<li>55th SOFCPRE National Congress (Paris)</li>
</ul>
<p>[/vc_column_text][vc_column_text el_class=&#8221;box__item_ancre&#8221; el_id=&#8221;oral-communications-in-congress&#8221;]</p>
<h2>Oral communications in congress</h2>
<ul>
<li>Cone Beam Interest in orbital traumatology. Petit A, Simon E, Pujo J. 47th SFSCMF Congress. Versailles 2011.</li>
<li>Breast reconstruction on breast burn sequelae by thoracodorsal artery perforator flap: with regard to a case. Petit A, Gisquet H, Colson T, Chassagne JF, Simon E. Young Plastic Surgeons Congress. Paris 2012.</li>
<li>Persistent trochanterian recess complicating the body lift technique with lateral suspensions: a simple and original method of treatment. Gianfermi M, Qassemyar Q, Dast S, Sinna R, Petit A. Young Plastic Surgeons Congress. Paris 2013.</li>
<li>The upper body lift. Petit A, Pascal JF. 58th SOFCPRE National Congress. Paris 2013.</li>
<li>The lateral body lift. Pascal JF, Le Louarn C, Petit A. 60th SOFCPRE National Congress. Montrouge 2015.</li>
</ul>
<p>[/vc_column_text][vc_column_text el_class=&#8221;box__item_ancre&#8221; el_id=&#8221;scientific-works&#8221;]</p>
<h2>Scientific works</h2>
<ul>
<li>Enjeu éthique d’une information aux patients dialysés sur la gestion de la liste d’attente. Mémoire de Maîtrise d&#8217;Ethique, Déontologie et Responsabilité Médicale (2004).</li>
<li>Ethical issue relating to information about the waiting list management to dialysis patients. Master’s Degree thesis in Ethics, Deontology and Medical Liability (2004).</li>
<li>The vascularized iliac-crest flap. Inter-university Degree thesis in Microsurgery (2009).</li>
<li>The upper body lift. Doctoral Thesis (2013).</li>
<li>Reconstruction of transfixing loss of substance from the wing of the nose by composite graft of the controlateral nostril: with regard to three cases. A.Petit, D.Boccara, M. Chaouat, M.Mimoun. Annals of Aesthetic Plastic Surgery (2014).</li>
<li>Upper Body Lift. JF. Pascal, A. Petit, C. Le Louarn. Realities in Plastic Surgery (2014).</li>
<li>European Board: my experience. A. Petit. Realities in Plastic Surgery (2015).</li>
</ul>
<p>[/vc_column_text][/vc_column][/vc_row]</p>
</section>

Chirurgie plastique reconstructrice et esthétique
